{"id":3517,"date":"2017-09-04T17:35:43","date_gmt":"2017-09-04T20:35:43","guid":{"rendered":"http:\/\/www.vitroprueba.dev\/?post_type=product&#038;p=3517"},"modified":"2020-02-13T15:48:57","modified_gmt":"2020-02-13T17:48:57","slug":"imprimacion-blanca","status":"publish","type":"product","link":"https:\/\/vitro.uy\/nuevo\/producto\/imprimacion-blanca\/","title":{"rendered":"Imprimaci\u00f3n blanca"},"content":{"rendered":"<div class=\"col-md-12 col-sm-18\" ><div class=\"ig_text \"><h1>Imprimaci\u00f3n blanca<\/h1> \r\n<p>\r\n<h2>Imprimaci\u00f3n blanca es un producto que protege la madera o el metal previo al esmalte<\/h2> \r\n<\/p>\r\n\r\nImprimaci\u00f3n blanca est\u00e1 formulada con excelentes materias primas que le otorgan gran poder cubriente y una \u00a0\u00f3ptima trabajabilidad para una f\u00e1cil aplicaci\u00f3n. \u00a0De gran durabilidad y resistencia a la acci\u00f3n de los agentes clim\u00e1ticos.<\/div><\/div>","protected":false},"excerpt":{"rendered":"Esmalte sint\u00e9tico imprimaci\u00f3n blanca mate al aguarr\u00e1s para la protecci\u00f3n y decoraci\u00f3n de maderas y metales en interiores y exteriores.\r\n\r\n<strong>Presentaciones:<\/strong>\r\n<ul>\r\n \t<li>0,25\u00a0lt.<\/li>\r\n \t<li>0,50\u00a0lt.<\/li>\r\n \t<li>1 lt.<\/li>\r\n \t<li>4\u00a0lt.<\/li>\r\n<\/ul>\r\n&nbsp;\r\n\r\n<a href=\"http:\/\/vitro.uy\/nuevo\/calculando-pintura\/\"><img loading=\"lazy\" class=\"alignnone size-full wp-image-3851\" src=\"http:\/\/vitro.uy\/nuevo\/wp-content\/uploads\/2017\/10\/Ic_Calculadora.jpg\" alt=\"\" width=\"40\" height=\"50\" \/><\/a>\u00a0<a href=\"http:\/\/vitro.uy\/nuevo\/calculando-pintura\/\">Calcular\u00a0litros de pintura<\/a>\r\n\r\n&nbsp;","protected":false},"featured_media":4459,"template":"","meta":[],"_links":{"self":[{"href":"https:\/\/vitro.uy\/nuevo\/wp-json\/wp\/v2\/product\/3517"}],"collection":[{"href":"https:\/\/vitro.uy\/nuevo\/wp-json\/wp\/v2\/product"}],"about":[{"href":"https:\/\/vitro.uy\/nuevo\/wp-json\/wp\/v2\/types\/product"}],"wp:featuredmedia":[{"embeddable":true,"href":"https:\/\/vitro.uy\/nuevo\/wp-json\/wp\/v2\/media\/4459"}],"wp:attachment":[{"href":"https:\/\/vitro.uy\/nuevo\/wp-json\/wp\/v2\/media?parent=3517"}],"curies":[{"name":"wp","href":"https:\/\/api.w.org\/{rel}","templated":true}]}}