{"id":3324,"date":"2017-08-17T11:51:26","date_gmt":"2017-08-17T14:51:26","guid":{"rendered":"http:\/\/www.vitroprueba.dev\/?post_type=product&#038;p=3324"},"modified":"2021-05-12T17:36:09","modified_gmt":"2021-05-12T20:36:09","slug":"membrana-liquida","status":"publish","type":"product","link":"https:\/\/vitro.uy\/nuevo\/producto\/membrana-liquida\/","title":{"rendered":"Membrana l\u00edquida"},"content":{"rendered":"<div class=\"col-md-12 col-sm-18\" ><div class=\"ig_text \"><h1>Membrana l\u00edquida<\/h1> \r\n<p>\r\n<h2>Membrana L\u00edquida VITRO es la soluci\u00f3n para la humedad de tus paredes o pared en tu hogar<\/h2> \r\n<\/p>\r\nMembrana l\u00edquida de f\u00e1cil aplicaci\u00f3n, r\u00e1pido secado, resistente a los hongos y algas, brinda una \u00f3ptima terminaci\u00f3n en todo tipo de azoteas, muros y fachadas. Formulada a partir de pigmentos, cargas, aditivos y un copolimero acr\u00edlico de alta elasticidad que le otorga excelente resistencia a la alcalinidad propia de los sustratos cementicios.<\/div><\/div>","protected":false},"excerpt":{"rendered":"Impermeabilizante de techos y muros que forma una membrana impermeable de alta elasticidad, durabilidad y resistencia a los agentes clim\u00e1ticos.\r\n\r\n<strong>Presentaciones:<\/strong>\r\n<ul>\r\n \t<li>1,2 Kgs.<\/li>\r\n \t<li>4\u00a0Kgs.<\/li>\r\n \t<li>20 Kgs.<\/li>\r\n<\/ul>\r\n<a href=\"http:\/\/vitro.uy\/nuevo\/wp-content\/uploads\/2013\/06\/fichaTecnicaMembranaLiquida3.pdf\"><img loading=\"lazy\" class=\"alignnone size-full wp-image-3240\" src=\"http:\/\/www.vitro.uy\/nuevo\/wp-content\/uploads\/2013\/06\/adobe-pdf-icon-logo-vector-01.png\" alt=\"\" width=\"50\" height=\"50\" \/><\/a>\u00a0<a href=\"http:\/\/vitro.uy\/nuevo\/wp-content\/uploads\/2013\/06\/fichaTecnicaMembranaLiquida3.pdf\">Ficha T\u00e9cnica\u00a0Membrana L\u00edquida<\/a>\r\n\r\n&nbsp;\r\n\r\n&nbsp;\r\n\r\n&nbsp;","protected":false},"featured_media":4103,"template":"","meta":[],"_links":{"self":[{"href":"https:\/\/vitro.uy\/nuevo\/wp-json\/wp\/v2\/product\/3324"}],"collection":[{"href":"https:\/\/vitro.uy\/nuevo\/wp-json\/wp\/v2\/product"}],"about":[{"href":"https:\/\/vitro.uy\/nuevo\/wp-json\/wp\/v2\/types\/product"}],"wp:featuredmedia":[{"embeddable":true,"href":"https:\/\/vitro.uy\/nuevo\/wp-json\/wp\/v2\/media\/4103"}],"wp:attachment":[{"href":"https:\/\/vitro.uy\/nuevo\/wp-json\/wp\/v2\/media?parent=3324"}],"curies":[{"name":"wp","href":"https:\/\/api.w.org\/{rel}","templated":true}]}}